me?
True
Let u = 0 - 10. Is -3 - (4 + u*4) composite?
True
Let y be -1 + 10/3*3. Suppose -25 = 2*l + 5*r, l - 4*r = y + 11. Suppose 212 = 2*v - l*v. Is v prime?
False
Let h(b) be the third derivative of 113*b**4/12 + b**3/2 - 20*b**2. Is h(4) a composite number?
False
Let g = 26622 - 11323. Is g a composite number?
False
Let l = -4282 - -6851. Is l a prime number?
False
Suppose 0 + 16 = 4*r. Let z be r*-5*4/(-16). Suppose -4*j + h + 45 = 0, -z*j - 5*h + 3*h + 53 = 0. Is j a composite number?
False
Let k be 1 + -1*(1 - -4). Is (-20)/(-30)*(-1578)/k a composite number?
False
Let n = 12758 - 6979. Is n composite?
False
Suppose 7*l - 23737 = -0*l. Suppose 683 = g - 2*c, g - 6*g + 2*c = -l. Is g composite?
False
Suppose 0 = -3*t - 3*w - 12, -16 = 3*t + w + 3*w. Suppose 3*m + z = 372, 4*m + t*z - 504 = -4*z. Is m a prime number?
False
Let n be (1 - 2 - -5) + -4. Is (n + (-20)/(-15))/((-2)/(-393)) composite?
True
Suppose 0 = b - 7 + 8. Let l be -2997*(b + 2/1). Is 1/(-2) + l/(-6) a prime number?
True
Let j be -1 - (-1 - 2)*1. Suppose 22 = -j*x + z, -x + 0*x - 4*z - 2 = 0. Is (-13)/(-5) - x/25 a composite number?
False
Suppose 6327 = v + 2*k, 4*v + k = 36026 - 10697. Is v prime?
False
Is (-2)/18 + 197925/135 prime?
False
Suppose -35*o + 23713 = -107922. Is o composite?
False
Suppose -5*g + 812 = -g. Let i = g + 962. Is i composite?
True
Let t(c) = -25*c - 103*c + 3 - 4. Let l(y) = y**2 + 12*y + 31. Let h be l(-4). Is t(h) composite?
False
Suppose -16 = 3*p - 1. Is (1364 - (2 - 1))*(-4 - p) composite?
True
Let o(x) = -408*x + 3. Let v be o(-6). Let k = v - 1409. Let g = -723 + k. Is g composite?
True
Suppose 27622 = 16*g - 2*g. Is g composite?
False
Let z(x) be the third derivative of x**5/2 - x**4/12 - x**3/6 - 6*x**2. Let o be z(-1). Let p = -12 + o. Is p a composite number?
False
Let j = -317 - -673. Is -4*j/(-32)*2 a prime number?
True
Suppose 0 = -3*a + 4 + 5. Let y be (-3)/9*-4*a. Suppose -3*i - 643 = -y*w, -w + 137 = 4*i - 0*i. Is w composite?
False
Suppose -4*x - r = 4*r + 98, r - 64 = 3*x. Is (-21 + -2)*(x + 3)*1 composite?
True
Suppose -16*d + 17*d - 5 = 0. Suppose -3*r - 4*n - 674 = -5*r, n = d. Is r a prime number?
True
Let s(n) = 8*n - 10. Suppose g + 4 - 8 = 0. Is s(g) composite?
True
Let v(h) = -14 - h - 9*h + 3*h**2 + 3. Suppose 7*u - 12*u = 20, -34 = 3*f + u. Is v(f) a prime number?
True
Let o(z) = 90*z - 17. Is o(7) prime?
True
Suppose 2*l - 6289 = -3*t, -3067 = -2*t + 3*l + 1117. Is t prime?
False
Let q(m) = -5*m**3 - 2*m**2 + 2*m + 3. Suppose -2*h = -2*x - 4, -3*h + 4*x = 2 - 8. Let u be 0 + h + 0 + -4. Is q(u) prime?
True
Suppose -56 - 22 = 3*o. Let t be o/117 - (-4198)/18. Let n = 486 - t. Is n a composite number?
True
Let y(l) = -3*l**3 - 16*l**2 + 7*l + 10. Let b be y(-8). Suppose 2*q + 368 = 5*w, 2*q + 387 = 4*w + 21. Let i = b + q. Is i prime?
False
Let s = 2919 - 34. Is s prime?
False
Let c(d) = d**2 - 89. Is c(-24) composite?
False
Suppose -3*m + 3450 = 3*s, -10*s = -7*s + 4*m - 3449. Is s a prime number?
True
Let h(f) = f**2 + 7*f + 5. Let q be h(-1). Let o(c) = 7*c - 34*c - 4*c. Is o(q) prime?
True
Let n = -153 + 289. Let u(d) = d**2 - 9*d - 53. Let p be u(14). Let h = n - p. Is h composite?
True
Let f(r) be the second derivative of -97*r**5/20 + r**3/3 + r**2 + 51*r. Is f(-1) a prime number?
True
Let k(t) = 4*t**3 + t**2 + 7*t + 2. Let d = 67 - 62. Is k(d) prime?
False
Suppose -96 = 5*x + 184. Let m = -100 - x. Let w = m + 99. Is w a composite number?
True
Let q be 32/(-8)*(-85 - 1). Let c = q + -51. Is c prime?
True
Is 4/4*(18016 + 1) prime?
False
Suppose -110*l + 16148 = -106*l. Is l a prime number?
False
Let q = -81 + 83. Suppose -4*h - 687 = -2051. Suppose -z + 2*u + 160 = 0, -q*z + 2*u = 5*u - h. Is z a composite number?
True
Suppose 3*w - 4 = -13. Let t = -2 - w. Is -3*t + 359 + -1 a composite number?
True
Suppose 0 = 154*k - 156*k + 18610. Is k prime?
False
Let u be (1 - 1)/((-3 - -6)*1). Suppose -2*w - 5*m + 4*m + 370 = u, 0 = 2*m. Is w composite?
True
Suppose 0 = -5*g + 623 + 142. Suppose -21*d + 2*v = -20*d - 12, 0 = 3*d - v - 31. Let t = d + g. Is t composite?
False
Let k(p) = p + 7. Let d(w) = -2*w - 7. Let b(v) = -6*d(v) - 7*k(v). Let n be b(5). Is n - ((-2)/2 - 2) a composite number?
True
Let l = -1826 - -2409. Is l composite?
True
Is (-48)/312 + (-195576)/(-26) composite?
True
Suppose -4*w + 47 - 199 = 0. Let i = w + 27. Let m = i + 14. Is m composite?
False
Let w = 41 - 5. Let f = w + 73. Is f composite?
False
Suppose 3*d + 1679 = 4*z, 3*d + 1260 = -9*z + 12*z. Is z prime?
True
Let u(f) = -2115*f + 46. Let q be u(-4). Let j = q + -4607. Is j a prime number?
False
Let z(w) = -2*w**2 + 4*w - 1. Let b be z(2). Let m be -1*(2 + b - -1). Is 4/m*(-446)/4 a composite number?
False
Let a(t) = -5*t**3 + 12*t**2 + 10*t - 22. Let k(f) = 6*f**3 - 11*f**2 - 10*f + 22. Let c(q) = -7*a(q) - 6*k(q). Is c(-18) a composite number?
True
Let l(j) = -j**3 + 14*j**2 + 2*j - 1. Suppose 4*z = 47 - 7. Let h be l(z). Suppose 2*i = -3*k - 0*k + h, 0 = -3*i + 3. Is k a composite number?
False
Suppose 6*j - 12 = -6. Is (-3 - -2) + 87 + j prime?
False
Let w(i) = 2*i**2 + 9*i - 3. Let c(o) = 2*o**2 + 31*o + 3. Let b be c(-15). Is w(b) a prime number?
False
Let s(b) = -2*b**3 + 2*b**2 + 1. Let f be 19/(-3) - 2/3. Is s(f) prime?
False
Let p(c) = 25*c**2 - 12*c + 30. Is p(17) a prime number?
False
Let t = -2176 + 7011. Is t composite?
True
Let l(b) = -3*b - 34. Let s be l(-11). Is ((-1)/(-1))/((s + 2)/298) a composite number?
True
Suppose -3*j = -2*z + 11, -5*z = -j - 13 + 5. Let k(o) = 1087*o**3 - o + 1. Is k(z) composite?
False
Let u(j) = j**3 + 16*j**2 - 23*j + 3. Let m be 0 + (-11)/((-33)/144). Suppose 2*r = -r - m. Is u(r) a prime number?
False
Let z = -26 - -20. Is ((-1052)/z)/((-4)/(-6)) prime?
True
Let x(c) be the third derivative of c**4/24 - c**3/2 - c**2. Let b be x(8). Suppose -2*a = b*i - 191, -2*a + i + 78 = -a. Is a prime?
True
Suppose -9*i + 3*i + 12 = 0. Is (-29022)/(-30) + i/(-5) a prime number?
True
Suppose 0 = u + 3*x - 1399, -u + 1407 = 4*x + 9. Is u a composite number?
True
Let t(q) = 2*q - 10. Let j be t(8). Suppose 3*p = 5*g - 16768, -p = -j*g + g + 16766. Is g a prime number?
False
Suppose 0 = 9*v - 6*v - 9. Let p be (348*1 - 0) + v. Suppose 0 = 5*x - 94 - p. Is x a prime number?
True
Suppose 2848 = -3*k - 944. Let u = k - -2171. Is u prime?
True
Suppose 2*c - 83 = -11. Let u(w) = 78*w**2 + 4*w + 40. Let x be u(8). Is (6/4)/(c/x) composite?
False
Let y(w) = -w**2 + 6*w + 7. Let r be y(6). Let c(a) = -r - a**2 - 5*a**3 + 3*a**3 - 8*a + 8 - 4. Is c(-4) prime?
False
Let p(n) be the third derivative of -n**6/120 - n**5/15 + n**4/12 + 11*n**3/6 - 3*n**2. Is p(-8) a composite number?
False
Let w(o) = -24*o**3 - o**2 + 10*o + 2. Let t be w(-4). Is t + 3 + -7 + 3 a prime number?
True
Suppose -11*j = -14*j - 1173. Let f = 90 - j. Is f composite?
True
Let z = 84 - -58. Suppose -587 = z*k - 143*k. Is k prime?
True
Let n = 1253 - -1686. Is n composite?
False
Let c(a) = 3*a**2 - 27*a + 41. Is c(10) a prime number?
True
Let q be (48/(-9))/((-4)/6). Suppose 3*o + q = 2*o. Let c = 15 + o. Is c a composite number?
False
Let n = 70 - 34. Suppose n*j - 2174 = 34*j. Is j composite?
False
Suppose -3*g - 3*t = -5*t - 6603, -8809 = -4*g + t. Is g composite?
False
Suppose 19*k - 242383 = 374794. Is k composite?
True
Suppose 9*g - 5*g - 2790 = -2*m, -2794 = -2*m - 2*g. Is m composite?
False
Suppose 2*d - 2152 = d. Suppose -4*b - d = -6308. Is b composite?
False
Suppose -43505 = -2*c - 3*v, -4*c - v = -c - 65240. Is c prime?
False
Let m = 3171 - -84. Let y = m - 1391. Suppose 6*j = j - 10, -4*s = 2*j - y. Is s prime?
True
Let t(p) = p**3 + 2*p**2 - 3*p - 1. Suppose -5*v = -n - 0*n - 18, 5*v - 4*n - 12 = 0. Is t(v) composite?
False
Suppose 7 + 1 = -s - v, 5*s = -3*v - 42. Let j(y) = 6*y + 5. Let z be j(s). Let n = 236 + z. Is n prime?
False
Let s(y) = y - 1. Let k be s(-12). Let u(r) = -r - 11. Let l be u(k). Suppose -l*t + 635 = -t. Is t a prime number?
False
Let m = 63 - 20. Let n = m + -35. Suppose -n*h + 9*h = 533. Is h prime?
False
Let c be (-3 + -2)*16/(-20). Suppose -i = -c*i. Suppose -154 = -i*t - 2*t. Is t composite?
True
Suppose -4*j - 3*a + 1431 = -3*j, -5*j = a - 7113. Suppose -j = -2*y + 5*p, -4*p = -4*y - 3*p + 2808. Is y 